{"id":4178,"date":"2022-11-21T08:41:22","date_gmt":"2022-11-21T13:41:22","guid":{"rendered":"http:\/\/172.20.5.10\/?page_id=4178"},"modified":"2023-02-20T16:16:25","modified_gmt":"2023-02-20T21:16:25","slug":"normatividad","status":"publish","type":"page","link":"https:\/\/www.dadiscartagena.gov.co\/index.php\/normatividad\/","title":{"rendered":"Normatividad"},"content":{"rendered":"\t\t<div data-elementor-type=\"wp-page\" data-elementor-id=\"4178\" class=\"elementor elementor-4178\">\n\t\t\t\t\t\t\t\t\t<section data-particle_enable=\"false\" data-particle-mobile-disabled=\"false\" class=\"penci-section penci-disSticky penci-structure-10 elementor-section elementor-top-section elementor-element elementor-element-1dede63 elementor-section-full_width elementor-section-stretched elementor-section-height-default elementor-section-height-default\" data-id=\"1dede63\" data-element_type=\"section\" data-settings=\"{&quot;stretch_section&quot;:&quot;section-stretched&quot;,&quot;background_background&quot;:&quot;classic&quot;}\">\n\t\t\t\t\t\t<div class=\"elementor-container elementor-column-gap-no\">\n\t\t\t\t\t<div class=\"penci-ercol-100 penci-ercol-order-1 penci-sticky-ct  elementor-column elementor-col-100 elementor-top-column elementor-element elementor-element-72a0bf6\" data-id=\"72a0bf6\" data-element_type=\"column\">\n\t\t\t<div class=\"elementor-widget-wrap elementor-element-populated\">\n\t\t\t\t\t\t\t\t<div class=\"elementor-element elementor-element-f9abe4a elementor-widget elementor-widget-image\" data-id=\"f9abe4a\" data-element_type=\"widget\" data-widget_type=\"image.default\">\n\t\t\t\t<div class=\"elementor-widget-container\">\n\t\t\t<style>\/*! elementor - v3.7.7 - 20-09-2022 *\/\n.elementor-widget-image{text-align:center}.elementor-widget-image a{display:inline-block}.elementor-widget-image a img[src$=\".svg\"]{width:48px}.elementor-widget-image img{vertical-align:middle;display:inline-block}<\/style>\t\t\t\t\t\t\t\t\t\t\t\t<img width=\"1024\" height=\"150\" src=\"https:\/\/www.dadiscartagena.gov.co\/wp-content\/uploads\/2022\/11\/banner_salud-mental-1024x150.jpg\" class=\"attachment-large size-large\" alt=\"\" loading=\"lazy\" srcset=\"https:\/\/www.dadiscartagena.gov.co\/wp-content\/uploads\/2022\/11\/banner_salud-mental-1024x150.jpg 1024w, https:\/\/www.dadiscartagena.gov.co\/wp-content\/uploads\/2022\/11\/banner_salud-mental-300x44.jpg 300w, https:\/\/www.dadiscartagena.gov.co\/wp-content\/uploads\/2022\/11\/banner_salud-mental-768x112.jpg 768w, https:\/\/www.dadiscartagena.gov.co\/wp-content\/uploads\/2022\/11\/banner_salud-mental-1536x224.jpg 1536w, https:\/\/www.dadiscartagena.gov.co\/wp-content\/uploads\/2022\/11\/banner_salud-mental-1170x171.jpg 1170w, https:\/\/www.dadiscartagena.gov.co\/wp-content\/uploads\/2022\/11\/banner_salud-mental-585x85.jpg 585w, https:\/\/www.dadiscartagena.gov.co\/wp-content\/uploads\/2022\/11\/banner_salud-mental.jpg 1567w\" sizes=\"(max-width: 1024px) 100vw, 1024px\" \/>\t\t\t\t\t\t\t\t\t\t\t\t\t\t\t<\/div>\n\t\t\t\t<\/div>\n\t\t\t\t\t<\/div>\n\t\t<\/div>\n\t\t\t\t\t\t\t<\/div>\n\t\t<\/section>\n\t\t\t\t<section data-particle_enable=\"false\" data-particle-mobile-disabled=\"false\" class=\"penci-section penci-enSticky penci-structure-22 elementor-section elementor-top-section elementor-element elementor-element-6dd69d3 elementor-section-boxed elementor-section-height-default elementor-section-height-default\" data-id=\"6dd69d3\" data-element_type=\"section\">\n\t\t\t\t\t\t<div class=\"elementor-container elementor-column-gap-wide\">\n\t\t\t\t\t<div class=\"penci-ercol-66 penci-ercol-order-1 penci-sticky-ct  elementor-column elementor-col-66 elementor-top-column elementor-element elementor-element-c152d3a\" data-id=\"c152d3a\" data-element_type=\"column\">\n\t\t\t<div class=\"elementor-widget-wrap elementor-element-populated\">\n\t\t\t\t\t\t\t\t<div class=\"elementor-element elementor-element-48a24f5 elementor-widget elementor-widget-image\" data-id=\"48a24f5\" data-element_type=\"widget\" data-widget_type=\"image.default\">\n\t\t\t\t<div class=\"elementor-widget-container\">\n\t\t\t\t\t\t\t\t\t\t\t\t\t\t\t<img width=\"1024\" height=\"488\" src=\"https:\/\/www.dadiscartagena.gov.co\/wp-content\/uploads\/2023\/02\/salud-mental-2-1024x488.jpg\" class=\"attachment-large size-large\" alt=\"\" loading=\"lazy\" srcset=\"https:\/\/www.dadiscartagena.gov.co\/wp-content\/uploads\/2023\/02\/salud-mental-2-1024x488.jpg 1024w, https:\/\/www.dadiscartagena.gov.co\/wp-content\/uploads\/2023\/02\/salud-mental-2-300x143.jpg 300w, https:\/\/www.dadiscartagena.gov.co\/wp-content\/uploads\/2023\/02\/salud-mental-2-768x366.jpg 768w, https:\/\/www.dadiscartagena.gov.co\/wp-content\/uploads\/2023\/02\/salud-mental-2-1170x558.jpg 1170w, https:\/\/www.dadiscartagena.gov.co\/wp-content\/uploads\/2023\/02\/salud-mental-2-585x279.jpg 585w, https:\/\/www.dadiscartagena.gov.co\/wp-content\/uploads\/2023\/02\/salud-mental-2.jpg 1280w\" sizes=\"(max-width: 1024px) 100vw, 1024px\" \/>\t\t\t\t\t\t\t\t\t\t\t\t\t\t\t<\/div>\n\t\t\t\t<\/div>\n\t\t\t\t<div class=\"elementor-element elementor-element-6d3081c elementor-widget elementor-widget-heading\" data-id=\"6d3081c\" data-element_type=\"widget\" data-widget_type=\"heading.default\">\n\t\t\t\t<div class=\"elementor-widget-container\">\n\t\t\t<style>\/*! elementor - v3.7.7 - 20-09-2022 *\/\n.elementor-heading-title{padding:0;margin:0;line-height:1}.elementor-widget-heading .elementor-heading-title[class*=elementor-size-]>a{color:inherit;font-size:inherit;line-height:inherit}.elementor-widget-heading .elementor-heading-title.elementor-size-small{font-size:15px}.elementor-widget-heading .elementor-heading-title.elementor-size-medium{font-size:19px}.elementor-widget-heading .elementor-heading-title.elementor-size-large{font-size:29px}.elementor-widget-heading .elementor-heading-title.elementor-size-xl{font-size:39px}.elementor-widget-heading .elementor-heading-title.elementor-size-xxl{font-size:59px}<\/style><h2 class=\"elementor-heading-title elementor-size-default\">Normatividad - Convivencia Social y Salud Mental<\/h2>\t\t<\/div>\n\t\t\t\t<\/div>\n\t\t\t\t<div class=\"elementor-element elementor-element-9e005d7 elementor-widget elementor-widget-text-editor\" data-id=\"9e005d7\" data-element_type=\"widget\" data-widget_type=\"text-editor.default\">\n\t\t\t\t<div class=\"elementor-widget-container\">\n\t\t\t<style>\/*! elementor - v3.7.7 - 20-09-2022 *\/\n.elementor-widget-text-editor.elementor-drop-cap-view-stacked .elementor-drop-cap{background-color:#818a91;color:#fff}.elementor-widget-text-editor.elementor-drop-cap-view-framed .elementor-drop-cap{color:#818a91;border:3px solid;background-color:transparent}.elementor-widget-text-editor:not(.elementor-drop-cap-view-default) .elementor-drop-cap{margin-top:8px}.elementor-widget-text-editor:not(.elementor-drop-cap-view-default) .elementor-drop-cap-letter{width:1em;height:1em}.elementor-widget-text-editor .elementor-drop-cap{float:left;text-align:center;line-height:1;font-size:50px}.elementor-widget-text-editor .elementor-drop-cap-letter{display:inline-block}<\/style>\t\t\t\t<p>La Salud Mental ha estado oculta tras una cortina de estigma y discriminaci\u00f3n durante largo tiempo. Sin embargo es en este momento que ha llegado la hora de que salga a la luz. La magnitud, el sufrimiento y la carga en t\u00e9rminos de discapacidad y costos para los individuos, las familias y las sociedades son abrumadoras. En los \u00faltimos a\u00f1os en todo el mundo se ha tomado mayor conciencia de la enorme carga y el potencial para tener alcanzar logros en Salud Mental. En Colombia y el mundo actualmente existen suficientes elementos normativos que enmarcan la Salud Mental, entre las que encontramos las siguientes:<\/p>\t\t\t\t\t\t<\/div>\n\t\t\t\t<\/div>\n\t\t\t\t<div class=\"elementor-element elementor-element-aeb56d9 elementor-widget elementor-widget-text-editor\" data-id=\"aeb56d9\" data-element_type=\"widget\" data-widget_type=\"text-editor.default\">\n\t\t\t\t<div class=\"elementor-widget-container\">\n\t\t\t\t\t\t\t<table border=\"1\" width=\"100%\"><tbody><tr><td width=\"144\"><strong>TIPO DE\u00a0 \u00a0 NORMA <\/strong><\/td><td width=\"104\"><p style=\"text-align: left;\"><strong>FECHA DE EXPEDICI\u00d3N\u00a0 <\/strong><\/p><\/td><td width=\"435\"><strong>ASUNTO\u00a0<\/strong><\/td><\/tr><tr><td width=\"144\"><p style=\"text-align: left;\"><strong>Acuerdo Distrital 049 de 2006 del D.T. y C. de Cartagena de Indias.<\/strong><\/p><\/td><td style=\"text-align: center;\" width=\"104\"><strong>2006<\/strong><\/td><td width=\"435\">Por medio del cual se define la pol\u00edtica de salud mental en el Distrito de Cartagena de Indias. Con la implementaci\u00f3n de la Ley 1616 del 2013 y las dos pol\u00edticas nacionales de salud mental (Resoluci\u00f3n 4886 de 2018)\u00a0 y de prevenci\u00f3n y atenci\u00f3n integral al consumo de sustancias psicoactivas (Resoluci\u00f3n 089 de 2019 del MSPS), este acuerdo no se implementa, sin embargo, no se ha derogado.<\/td><\/tr><tr><td width=\"144\"><p style=\"text-align: left;\"><strong>Ley 1257 de 2008<\/strong><\/p><\/td><td style=\"text-align: center;\" width=\"104\"><strong>2008<\/strong><\/td><td width=\"435\">Por medio de la cual se dictan normas de sensibilizaci\u00f3n, prevenci\u00f3n y sanci\u00f3n de formas de violencia y discriminaci\u00f3n contra las mujeres. En la normativa nacional de Salud Mental se establen estrategias para la atenci\u00f3n en salud mental integral a v\u00edctimas de violencias de g\u00e9nero, como parte de las medidas de atenci\u00f3n a v\u00edctimas de este flagelo. En el caso de Cartagena de Indias se coordinan estas acciones en el Comit\u00e9 Distrital Articulador de Violencias de G\u00e9nero.<\/td><\/tr><tr><td width=\"144\"><p style=\"text-align: center;\"><strong>Resoluci\u00f3n-1841-de-2013. Plan Decenal de Salud P\u00fablica PDSP 2012-2021<\/strong><\/p><\/td><td style=\"text-align: center;\" width=\"104\"><strong>2013<\/strong><\/td><td width=\"435\">Es un pacto social y un mandato ciudadano que define la actuaci\u00f3n articulada entre actores y sectores p\u00fablicos, privados y comunitarios para crear condiciones que garanticen el bienestar integral y la calidad de vida en Colombia. Es la carta de navegaci\u00f3n que plantea la l\u00ednea de trabajo para dar respuesta a los desaf\u00edos actuales en salud p\u00fablica y para consolidar, en el marco del sistema de protecci\u00f3n social, las capacidades t\u00e9cnicas en los \u00e1mbitos nacional y territorial para la planeaci\u00f3n, ejecuci\u00f3n, seguimiento y evaluaci\u00f3n de las intervenciones, de acuerdo con los Objetivos de Desarrollo del Milenio (ONU, 2000); as\u00ed mismo, plantea estrategias de intervenci\u00f3n colectiva e individual, que involucran tanto al sector salud como a otros sectores, dentro y fuera de los servicios de salud. Para el caso de la salud mental y el\u00a0 Consumo de Sustancias Psicoactivas se establecen estrategias nacionales con aplicaci\u00f3n a nivel territorial para la promoci\u00f3n, prevenci\u00f3n y atenci\u00f3n a problemas y trastornos mentales y la epilepsia, prevenci\u00f3n y atenci\u00f3n\u00a0 al Consumo de Sustancias Psicoactivas a nivel nacional y territorial, teniendo en cuenta los diferentes enfoques diferenciales incluyendo las diferentes violencias y la atenci\u00f3n psicosocial a v\u00edctimas del conflicto armado.<\/td><\/tr><tr><td width=\"144\"><p style=\"text-align: center;\"><strong>Ley 1616 de 2013 Ley de Salud Mental<\/strong><\/p><\/td><td style=\"text-align: center;\" width=\"104\"><strong>2013<\/strong><\/td><td width=\"435\">Por medio de la cual se expide la ley de salud mental y se dictan otras disposiciones, es el marco normativo para la Pol\u00edtica Nacional de Salud Mental y la Pol\u00edtica Nacional de Prevenci\u00f3n y Atenci\u00f3n al Consumo de Sustancias Psicoactivas a nivel nacional y territorial.<\/td><\/tr><tr><td width=\"144\"><p style=\"text-align: center;\"><strong>Ley 1566 de 2012<\/strong><\/p><\/td><td style=\"text-align: center;\" width=\"104\"><strong>2012<\/strong><\/td><td width=\"435\">Por medio de la cual se dictan normas para garantizar la atenci\u00f3n integral a personas que consumen sustancias psicoactivas y se crea el premio nacional a entidad comprometida con la prevenci\u00f3n del consumo, abuso y adicci\u00f3n a sustancias psicoactivas. Los contenidos de prevenci\u00f3n y atenci\u00f3n al consumo de sustancias psicoactivas en esta Ley son de aplicaci\u00f3n en la Pol\u00edtica Nacional de Prevenci\u00f3n y Atenci\u00f3n al Consumo de Sustancias Psicoactivas a nivel nacional y territorial.<\/td><\/tr><tr><td width=\"144\"><p style=\"text-align: center;\"><strong>Ley 1448 DE 2011<\/strong><\/p><\/td><td style=\"text-align: center;\" width=\"104\"><strong>2011<\/strong><\/td><td width=\"435\">Por medio de la cual se dictan medidas de atenci\u00f3n, asistencia y reparaci\u00f3n integral a las v\u00edctimas del conflicto armado interno y se dictan otras disposiciones. Las acciones de reparaci\u00f3n integral a v\u00edctimas contiene medidas de atenci\u00f3n en salud con enfoque psicosocial vinculantes a todas las entidades que forman parte del Sistema Nacional de Atenci\u00f3n a V\u00edctimas del Conflicto Armado SNARIV, que en lo local incluye al DADIS.<\/td><\/tr><tr><td width=\"144\"><p style=\"text-align: center;\"><strong>Plan\u00a0 \u00a0 Nacional para la promoci\u00f3n de la Salud, la prevenci\u00f3n y la atenci\u00f3n del consumo de sustancias psicoactivas 2014 &#8211; 2021<\/strong><\/p><\/td><td style=\"text-align: center;\" width=\"104\"><strong>2014<\/strong><\/td><td width=\"435\">Esfuerzo nacional por incorporar el enfoque de salud p\u00fablica en un marco intersectorial para disminuir la exposici\u00f3n al consumo de drogas y sus impactos en la poblaci\u00f3n Colombiana. El Plan se origina del trabajo conjunto entre el Ministerio de Salud y Protecci\u00f3n Social y el Ministerio de Justicia y el Derecho, e ir\u00e1 incluyendo progresivamente a los distintos sectores del Pa\u00eds.\u00a0 Instrumento de Planeaci\u00f3n que se construye en el marco del Plan Decenal de Salud P\u00fablica 2012-2021 y de la Pol\u00edtica Nacional de Reducci\u00f3n del Consumo de SPA.<\/td><\/tr><tr><td style=\"text-align: center;\" width=\"144\"><strong>Resoluci\u00f3n 4886 de 2018<\/strong><\/td><td style=\"text-align: center;\" width=\"104\"><strong>2018<\/strong><\/td><td width=\"435\">Establece la Pol\u00edtica Nacional de Salud Mental, reglamentario de la Ley 1616 del 2013 y del Plan Decenal de Salud P\u00fablica 2012-2021 para la promoci\u00f3n y prevenci\u00f3n de problemas y trastornos en Salud Mental y las afectaciones en salud mental a pacientes con Epilepsia. Es el marco normativo en esta tem\u00e1tica para el Gobierno Nacional y los entes territoriales..<\/td><\/tr><tr><td style=\"text-align: center;\" width=\"144\"><strong>Resoluci\u00f3n 089 de 2019 del MSPS<\/strong><\/td><td style=\"text-align: center;\" width=\"104\"><strong>2019<\/strong><\/td><td width=\"435\">Por medio de la cual se establece la Pol\u00edtica Integral para la prevenci\u00f3n y atenci\u00f3n el consumo de sustancias psicoactivas reglamenta lo establecido en la Ley 1616 del 2013 y el Plan Decenal de Salud P\u00fablica 2012-2021 para la Prevenci\u00f3n y Atenci\u00f3n al Consumo de Sustancias Psicoactivas. Es el marco normativo en esta tem\u00e1tica para el Gobierno Nacional y los entes territoriales.<\/td><\/tr><tr><td style=\"text-align: center;\" width=\"144\"><strong>CONPES 3992 del 2020<\/strong><\/td><td style=\"text-align: center;\" width=\"104\"><strong>2020<\/strong><\/td><td width=\"435\">Establece estrategias nacionales para la promoci\u00f3n de la salud mental en Colombia 2020-2024, es el marco de Pol\u00edtica P\u00fablica Nacional en Salud Mental en el cual tienen que establecer las Pol\u00edticas P\u00fablicas Territoriales para la Implementaci\u00f3n de las Pol\u00edticas P\u00fablicas de Salud Mental, y la de Prevenci\u00f3n y Atenci\u00f3n al Consumo de Sustancias Psicoactivas.<\/td><\/tr><tr><td style=\"text-align: center;\" width=\"144\"><strong>Resoluci\u00f3n 0518 de 2015 del MSPS<\/strong><\/td><td style=\"text-align: center;\" width=\"104\"><strong>2015<\/strong><\/td><td width=\"435\">Por medio de la cual se reglamenta el Plan de Intervenciones Colectivas en Salud P\u00fablica en los entes territoriales conformado por estrategias de promoci\u00f3n y prevenci\u00f3n en salud, entre ellas la salud mental y la prevenci\u00f3n al consumo de sustancias psicoactivas; complementarias a los Planes de Beneficios operados por las Empresas Administradoras de Planes de Beneficio \u2013 EAPB. Dichas estrategias contienen acciones de promoci\u00f3n, educaci\u00f3n, formaci\u00f3n y comunicaci\u00f3n en salud.<\/td><\/tr><tr><td style=\"text-align: center;\" width=\"144\"><strong>Ley 1414 de 2010<\/strong><\/td><td style=\"text-align: center;\" width=\"104\"><strong>2010<\/strong><\/td><td width=\"435\">Por la cual se establecen medidas especiales de protecci\u00f3n para las personas que padecen epilepsia, se dictan los principios y Lineamientos para su atenci\u00f3n integral. Con la entrada en vigencia de la Pol\u00edtica Nacional de Salud Mental a trav\u00e9s de la Resoluci\u00f3n 4886 de 2018, se integra la Epilepsia dentro de las enfermedades con afectaciones en salud mental que tienen que ser tramitadas en esta Pol\u00edtica, raz\u00f3n por la cual la hace complementaria a la Ley 1414 del 2010 y obliga a la Naci\u00f3n y los entes territoriales a generar acciones de atenci\u00f3n en salud mental dirigidas a personas que padecen esta patolog\u00eda.<\/td><\/tr><tr><td style=\"text-align: center;\" width=\"144\"><strong>Resoluci\u00f3n 3280 del 2018 del MSPS<\/strong><\/td><td style=\"text-align: center;\" width=\"104\"><strong>2018<\/strong><\/td><td width=\"435\">Por medio de la cual se adoptan los lineamientos t\u00e9cnicos y operativos de la Ruta Integral de Atenci\u00f3n para la Promoci\u00f3n y Mantenimiento de la Salud y la Ruta Integral de Atenci\u00f3n en Salud para la Poblaci\u00f3n Materno Perinatal y se establecen las directrices para su operaci\u00f3n, Actualiza lo contenido en la Resoluci\u00f3n 518 del 2015 que reglamenta los Planes de Intervenciones Colectivas en Salud P\u00fablica (entre ellos el de Salud Mental), implementados por las direcciones de salud territorial.<\/td><\/tr><tr><td style=\"text-align: center;\" width=\"144\"><strong>Acuerdo Distrital\u00a0 047 del 30 de Diciembre del 2020<\/strong><\/td><td style=\"text-align: center;\" width=\"104\"><strong>2020<\/strong><\/td><td width=\"435\">Por medio del cual se adopta la Pol\u00edtica P\u00fablica de Salud Mental en el Distrito de Cartagena de Indias y se dictan otras disposiciones. Este Acuerdo no se viene aplicando debido a que su marco normativo no contiene y no es coherente con las Pol\u00edticas Nacionales de Salud Mental, ni la de Prevenci\u00f3n y Atenci\u00f3n al Consumo de Sustancias Psicoactivas. No se ha derogado.<\/td><\/tr><tr><td style=\"text-align: center;\" width=\"144\"><strong>Decreto 1654 del 31 de Diciembre del 2020<\/strong><\/td><td style=\"text-align: center;\" width=\"104\"><strong>2020<\/strong><\/td><td width=\"435\">Por medio del cual se conforma el Consejo Distrital de Salud Mental y Drogas como espacio de interlocuci\u00f3n, coordinaci\u00f3n, concertaci\u00f3n para la implementaci\u00f3n de la Ley 1616 del 2013,\u00a0 la Pol\u00edtica Nacional de Salud Mental y la Pol\u00edtica Nacional de Prevenci\u00f3n y Atenci\u00f3n del Consumo de Sustancias Psicoactivas. Este Consejo se instal\u00f3 el 9 de marzo del 2022 y es el espacio de participaci\u00f3n y concertaci\u00f3n donde actualmente se deliberan y toman decisiones en salud mental en el Distrito de Cartagena de Indias.<\/td><\/tr><tr><td style=\"text-align: center;\" width=\"144\"><strong>Resoluci\u00f3n Distrital\u00a0 3195 emitida por el DADIS<\/strong><\/td><td style=\"text-align: center;\" width=\"104\"><strong>2021<\/strong><\/td><td width=\"435\">Por medio de la cual se crea y se reglamenta la Mesa Distrital de Salud en el Distrito Tur\u00edstico y Cultural de Cartagena de indias, como una instancia permanente de art\u00edculaci\u00f3n, concertaci\u00f3n y coordinaci\u00f3n con las organizaciones y agencias de cooperaci\u00f3n, que hacen presencia con las acciones de salud en el Distrito, EAPB, IPS y la sociedad civilcon el fin de abordar y priorizar las brechas y necesidades humanitarias en salud, identificadas en situaciones de emergencias. Al interior de esta Mesa se conforma la Submesa de Salud Mental, esta \u00faltima posteriormente y se integra al Consejo Distrital de Salud Mental y Drogas en su Reglamento Interno aprobado mediante acta de la segunda sesi\u00f3n del mismo de fecha 27 de abril del 2022, el cual contempla la participaci\u00f3n permanente de organizaciones y entidades de cooperaci\u00f3n internacional a dicho Consejo donde interlocutan con las diferentes instancias que tienen competencias en la salud mental.<\/td><\/tr><tr><td width=\"144\"><strong>La Circular externa 025 del 16 de abril de 2020<\/strong><\/td><td style=\"text-align: center;\" width=\"104\"><strong>2020<\/strong><\/td><td width=\"435\">Imparte instrucciones encaminadas a que las entidades territoriales, como autoridades sanitarias en su jurisprudencia y conforme con sus competencias, implementen las acciones de salud p\u00fablica que requiera su territorio, tanto en el marco del Plan de Salud P\u00fablica de Intervenciones Colectivas \u2013 PIC, como en la ejecuci\u00f3n de los procesos de Gesti\u00f3n de la Salud P\u00fablica, con el fin de que estas se refuercen y adapten, dada la necesidad de desarrollar acciones en la comunidad que den respuesta oportuna y eficaz a la emergencia, sin que con ello se limiten las dem\u00e1s intervenciones que en desarrollo de su autonom\u00eda y competencia definan y deban ejecutar, de acuerdo con la situaci\u00f3n y los eventos de salud p\u00fablica presentes en su jurisdicci\u00f3n.<\/td><\/tr><\/tbody><\/table>\t\t\t\t\t\t<\/div>\n\t\t\t\t<\/div>\n\t\t\t\t\t<\/div>\n\t\t<\/div>\n\t\t\t\t<div class=\"penci-ercol-33 penci-ercol-order-2 penci-sticky-sb penci-sidebarSC elementor-column elementor-col-33 elementor-top-column elementor-element elementor-element-03ca40a\" data-id=\"03ca40a\" data-element_type=\"column\">\n\t\t\t<div class=\"elementor-widget-wrap elementor-element-populated\">\n\t\t\t\t\t\t\t\t<div class=\"elementor-element elementor-element-3392973 elementor-widget elementor-widget-heading\" data-id=\"3392973\" data-element_type=\"widget\" data-widget_type=\"heading.default\">\n\t\t\t\t<div class=\"elementor-widget-container\">\n\t\t\t<h2 class=\"elementor-heading-title elementor-size-default\">Men\u00fa Salud Mental<\/h2>\t\t<\/div>\n\t\t\t\t<\/div>\n\t\t\t\t<div class=\"elementor-element elementor-element-1e7e2c5 elementor-widget elementor-widget-bdt-slinky-vertical-menu\" data-id=\"1e7e2c5\" data-element_type=\"widget\" data-widget_type=\"bdt-slinky-vertical-menu.default\">\n\t\t\t\t<div class=\"elementor-widget-container\">\n\t\t\t\t\t<div class=\"bdt-slinky-vertical-menu slinky-menu slinky-theme-default\" id=\"bdt-slinky-vertical-menu-1e7e2c5\">\n\n\t\t\t\t\t\t\t\t\t<ul id=\"bdt-slinky-vertical-menu-1e7e2c5\" class=\"slinky-vertical-menu\"><li class=\"bdt-menu-item\"><a href=\"https:\/\/www.dadiscartagena.gov.co\/index.php\/normatividad\/\" class=\"\">Normatividad<\/a><\/li><li class=\"bdt-menu-item\"><a href=\"https:\/\/www.dadiscartagena.gov.co\/index.php\/metas\/\" class=\"\">Metas<\/a><\/li><\/ul>\n\t\t\t\n\t\t<\/div>\n\t\t\t<\/div>\n\t\t\t\t<\/div>\n\t\t\t\t<div class=\"elementor-element elementor-element-86ac035 elementor-widget elementor-widget-heading\" data-id=\"86ac035\" data-element_type=\"widget\" data-widget_type=\"heading.default\">\n\t\t\t\t<div class=\"elementor-widget-container\">\n\t\t\t<h2 class=\"elementor-heading-title elementor-size-default\">Otros Programas de Salud P\u00fablica <\/h2>\t\t<\/div>\n\t\t\t\t<\/div>\n\t\t\t\t<div class=\"elementor-element elementor-element-d4f93e9 elementor-widget elementor-widget-bdt-slinky-vertical-menu\" data-id=\"d4f93e9\" data-element_type=\"widget\" data-widget_type=\"bdt-slinky-vertical-menu.default\">\n\t\t\t\t<div class=\"elementor-widget-container\">\n\t\t\t\t\t<div class=\"bdt-slinky-vertical-menu slinky-menu slinky-theme-default\" id=\"bdt-slinky-vertical-menu-d4f93e9\">\n\n\t\t\t\t\t\t\t\t\t<ul id=\"bdt-slinky-vertical-menu-d4f93e9\" class=\"slinky-vertical-menu\"><li class=\"bdt-menu-item\"><a href=\"https:\/\/www.dadiscartagena.gov.co\/index.php\/vigilancia-en-salud-publica\/\" class=\"\">Vigilancia en Salud P\u00fablica<\/a><\/li><li class=\"bdt-menu-item\"><a href=\"https:\/\/www.dadiscartagena.gov.co\/index.php\/pai\/\" class=\"\">PAI<\/a><\/li><li class=\"bdt-menu-item\"><a href=\"https:\/\/www.dadiscartagena.gov.co\/index.php\/salud-mental\/\" class=\"\">Salud Mental<\/a><\/li><li class=\"bdt-menu-item\"><a href=\"https:\/\/www.dadiscartagena.gov.co\/index.php\/tuberculosis-y-lepra-2\/\" class=\"\">Tuberculosis y Lepra<\/a><\/li><li class=\"bdt-menu-item\"><a href=\"https:\/\/www.dadiscartagena.gov.co\/index.php\/salud-sexual\/\" class=\"\">Salud Sexual<\/a><\/li><li class=\"bdt-menu-item\"><a href=\"https:\/\/www.dadiscartagena.gov.co\/index.php\/salud-infantil-2\/\" class=\"\">Salud Infantil<\/a><\/li><li class=\"bdt-menu-item\"><a href=\"https:\/\/www.dadiscartagena.gov.co\/index.php\/salud-ambiental\/\" class=\"\">Salud Ambiental<\/a><\/li><li class=\"bdt-menu-item\"><a href=\"https:\/\/www.dadiscartagena.gov.co\/index.php\/gestion-del-plan-2\/\" class=\"\">Gesti\u00f3n del Plan<\/a><\/li><li class=\"bdt-menu-item\"><a href=\"https:\/\/www.dadiscartagena.gov.co\/index.php\/cartagena-saludable\/\" class=\"\">Cartagena Saludable<\/a><\/li><li class=\"bdt-menu-item\"><a href=\"https:\/\/www.dadiscartagena.gov.co\/index.php\/vigilancia-y-control-de-alimentos-y-medicamentos\/\" class=\"\">Vigilancia y Control de Alimentos y Medicamentos<\/a><\/li><li class=\"bdt-menu-item\"><a href=\"https:\/\/www.dadiscartagena.gov.co\/index.php\/alimentacion-y-nutricion\/\" class=\"\">Alimentaci\u00f3n y Nutrici\u00f3n<\/a><\/li><\/ul>\n\t\t\t\n\t\t<\/div>\n\t\t\t<\/div>\n\t\t\t\t<\/div>\n\t\t\t\t\t<\/div>\n\t\t<\/div>\n\t\t\t\t\t\t\t<\/div>\n\t\t<\/section>\n\t\t\t\t\t\t\t<\/div>\n\t\t","protected":false},"excerpt":{"rendered":"<p>Normatividad &#8211; Convivencia Social y Salud Mental La Salud Mental ha estado oculta tras una cortina de estigma y discriminaci\u00f3n durante largo tiempo. Sin embargo es en este momento que&hellip;<\/p>\n","protected":false},"author":1,"featured_media":0,"parent":0,"menu_order":0,"comment_status":"closed","ping_status":"closed","template":"","meta":[],"_links":{"self":[{"href":"https:\/\/www.dadiscartagena.gov.co\/index.php\/wp-json\/wp\/v2\/pages\/4178"}],"collection":[{"href":"https:\/\/www.dadiscartagena.gov.co\/index.php\/wp-json\/wp\/v2\/pages"}],"about":[{"href":"https:\/\/www.dadiscartagena.gov.co\/index.php\/wp-json\/wp\/v2\/types\/page"}],"author":[{"embeddable":true,"href":"https:\/\/www.dadiscartagena.gov.co\/index.php\/wp-json\/wp\/v2\/users\/1"}],"replies":[{"embeddable":true,"href":"https:\/\/www.dadiscartagena.gov.co\/index.php\/wp-json\/wp\/v2\/comments?post=4178"}],"version-history":[{"count":70,"href":"https:\/\/www.dadiscartagena.gov.co\/index.php\/wp-json\/wp\/v2\/pages\/4178\/revisions"}],"predecessor-version":[{"id":7495,"href":"https:\/\/www.dadiscartagena.gov.co\/index.php\/wp-json\/wp\/v2\/pages\/4178\/revisions\/7495"}],"wp:attachment":[{"href":"https:\/\/www.dadiscartagena.gov.co\/index.php\/wp-json\/wp\/v2\/media?parent=4178"}],"curies":[{"name":"wp","href":"https:\/\/api.w.org\/{rel}","templated":true}]}}